103775.
475
What is the greatest common factor of 8176 and 3593863?
511
Calculate the greatest common factor of 239955 and 1515.
15
Calculate the highest common divisor of 181116 and 12404124.
4644
What is the greatest common divisor of 63 and 13739957?
7
Calculate the highest common divisor of 356637680 and 784.
784
Calculate the greatest common factor of 260279 and 15.
1
What is the highest common factor of 1356 and 1902660?
12
Calculate the greatest common factor of 100195 and 2117915.
3455
What is the greatest common factor of 77979 and 1355937?
561
What is the greatest common factor of 1073816 and 13472?
8
What is the greatest common divisor of 4000 and 27614500?
500
What is the highest common divisor of 47900567 and 104?
13
Calculate the greatest common factor of 7 and 236474455.
7
Calculate the highest common divisor of 543308 and 999.
37
What is the highest common divisor of 276551674 and 1281?
427
Calculate the greatest common divisor of 25600416 and 66.
6
What is the greatest common divisor of 4294115 and 10?
5
What is the highest common divisor of 45342427 and 71188?
481
Calculate the highest common factor of 51886873 and 5083.
391
What is the greatest common divisor of 513566 and 2337?
41
Calculate the greatest common divisor of 18483 and 2206980.
183
What is the highest common factor of 304106 and 2777822?
1202
What is the greatest common divisor of 37 and 141948206?
37
Calculate the highest common factor of 991296 and 474112.
64
What is the highest common divisor of 21520971 and 297?
27
Calculate the highest common factor of 2070 and 318960.
90
What is the greatest common divisor of 7128 and 22258962?
1782
What is the highest common divisor of 108090 and 41970?
30
Calculate the highest common factor of 212033245 and 365.
365
What is the greatest common divisor of 27230276 and 372?
124
What is the highest common divisor of 11835 and 1197965?
1315
What is the highest common divisor of 1645 and 127284225?
235
What is the highest common divisor of 48603060 and 150480?
1980
What is the highest common factor of 14442 and 860016286?
4814
What is the highest common divisor of 6525 and 8934900?
2175
Calculate the highest common divisor of 66197178 and 5814.
342
What is the greatest common divisor of 129999320 and 200?
40
Calculate the greatest common divisor of 109920 and 212640.
480
What is the highest common factor of 964989 and 1198?
599
What is the highest common divisor of 1097 and 232092290?
1097
Calculate the highest common divisor of 5007974 and 27002.
46
Calculate the highest common factor of 8160 and 68059296.
1632
Calculate the highest common divisor of 17079722 and 837481.
6113
Calculate the highest common divisor of 7327735 and 10.
5
Calculate the highest common divisor of 822111 and 627.
57
What is the greatest common factor of 656052 and 1173?
69
What is the greatest common divisor of 70 and 27009325?
35
What is the highest common factor of 3812633 and 33?
11
Calculate the greatest common factor of 12662 and 1842808.
974
What is the highest common factor of 128850620 and 30?
10
What is the highest common divisor of 608511 and 41814?
69
What is the greatest common divisor of 2924515 and 3421?
11
Calculate the highest common factor of 100748 and 6983308.
1132
Calculate the greatest common divisor of 34240394 and 209.
19
What is the greatest common divisor of 11096 and 213990521?
1387
What is the greatest common factor of 84 and 10906924?
28
What is the highest common factor of 68174298 and 162?
162
What is the greatest common factor of 193335 and 1140?
15
Calculate the greatest common divisor of 30 and 1037907645.
15
Calculate the greatest common divisor of 8097408 and 67166.
1562
Calculate the highest common divisor of 77156904 and 2622.
138
What is the greatest common divisor of 535 and 8197912?
107
Calculate the highest common factor of 209824 and 10124640.
2528
Calculate the highest common factor of 407636 and 37.
1
Calculate the highest common divisor of 575 and 1626712375.
575
What is the highest common factor of 155452 and 17468?
44
Calculate the greatest common divisor of 684 and 50106648.
228
What is the greatest common factor of 11672551 and 22?
11
Calculate the highest common divisor of 3816 and 70152.
24
Calculate the highest common divisor of 2996110 and 13.
13
Calculate the highest common factor of 6372864 and 324.
108
Calculate the highest common divisor of 5038 and 91058.
22
Calculate the highest common divisor of 2826406 and 220.
22
Calculate the greatest common divisor of 215 and 11935585.
5
Calculate the greatest common divisor of 3646863 and 1881.
99
Calculate the highest common factor of 264386 and 222214.
1622
Calculate the highest common factor of 982051 and 157903.
587
What is the highest common divisor of 6 and 14339124?
6
What is the greatest common divisor of 950 and 3210550?
50
Calculate the greatest common divisor of 160 and 150299680.
160
Calculate the highest common factor of 3 and 12586356.
3
What is the highest common factor of 1247601 and 372921?
591
What is the greatest common divisor of 71344230 and 75?
15
Calculate the greatest common factor of 12 and 2614863.
3
What is the greatest common divisor of 51600 and 76398100?
4300
What is the greatest common factor of 11440663 and 346?
173
What is the highest common factor of 559645101 and 48519?
5391
What is the greatest common divisor of 344 and 3859723?
43
Calculate the greatest common factor of 55657185 and 258600.
6465
What is the greatest common divisor of 8694 and 65844?
18
Calculate the highest common factor of 248677 and 1517.
37
Calculate the greatest common factor of 27594326 and 122.
122
What is the greatest common factor of 290422162 and 2?
2
What is the highest common factor of 1348792 and 1296?
8
What is the highest common divisor of 1296871 and 5123?
47
What is the greatest common factor of 6071266 and 290?
58
What is the greatest common divisor of 6189813 and 1701?
63
What is the highest common divisor of 2540091 and 7011?
57
What is the greatest common divisor of 386503 and 228700?
2287
What is the greatest common divisor of 63518 and 161496958?
4886
Calculate the highest common factor of 3277124 and 952.
68
Calculate the greatest common factor of 41 and 89113.
1
Calculate the highest common factor of 673609272 and 1918.
1918
What is the highest common divisor of 17072 and 513392?
176
Calculate the highest common divisor of 11252 and 43262.
194
What is the greatest common divisor of 1644 and 281448?
12
Calculate the highest common factor of 173314 and 100360.
386
Calculate the highest common factor of 334 and 60520.
2
Calculate the highest common divisor of 50 and 8944950.
50
What is the greatest common divisor of 45407588 and 465274?
7886
What is the highest common factor of 490496 and 9999604?
1916
What is the greatest common divisor of 5220866 and 1743?
581
Calculate the greatest common factor of 15613760 and 827.
827
Calculate the greatest common divisor of 191 and 127581315.
191
What is the highest common divisor of 4983 and 96217200?
453
Calculate the greatest common factor of 396940 and 3070710.
2230
Calculate the greatest common factor of 2916352 and 84372.
356
What is the highest common factor of 134572200 and 8950?
8950
What is the highest common factor of 75 and 1332950?
25
Calculate the highest common factor of 470934 and 1107890.
646
Calculate the greatest common divisor of 580164 and 19968.
156
Calculate the highest common divisor of 14003 and 1507.
11
Calculate the greatest common divisor of 113509 and 3744583.
607
What is the greatest common factor of 138 and 389196294?
138
What is the greatest common divisor of 1362862 and 47824?
122
Calculate the highest common divisor of 19956 and 258.
6
Calculate the highest common divisor of 50 and 975860.
10
What is the greatest common factor of 55192 and 344?
8
Calculate the highest common factor of 19383 and 7189.
91
What is the highest common divisor of 867416 and 43648?
88
What is the highest common divisor of 12485 and 4464130?
55
Calculate the highest common divisor of 19978 and 68530.
14
Calculate the greatest common factor of 4371 and 3494196.
93
What is the greatest common factor of 127026 and 5234?
2
What is the highest common factor of 20 and 1711044?
4
Cal